ighest common divisor of 1070499 and 2667415?
3533
Calculate the highest common divisor of 7 and 605898594.
7
Calculate the highest common divisor of 7930022 and 102006.
3778
What is the greatest common divisor of 965030 and 28160?
110
Calculate the highest common divisor of 7985034 and 72.
18
What is the highest common divisor of 1816765130 and 1090?
1090
Calculate the greatest common divisor of 5502469 and 1736.
217
What is the highest common divisor of 19393796 and 100144?
2276
Calculate the greatest common divisor of 10013 and 65468156.
527
What is the greatest common divisor of 8063 and 27181?
11
What is the greatest common factor of 44113 and 74741?
31
Calculate the greatest common divisor of 1969758 and 5779578.
8106
Calculate the highest common divisor of 33072 and 31195376.
848
Calculate the greatest common divisor of 540 and 111766716.
108
What is the highest common factor of 36 and 92760354?
18
What is the highest common factor of 1876917 and 19457823?
13503
What is the highest common divisor of 77127 and 431583?
1641
What is the greatest common factor of 3610244 and 132?
44
Calculate the greatest common factor of 18 and 46681227.
9
Calculate the highest common factor of 506 and 12569040.
506
Calculate the highest common divisor of 13741237 and 171.
19
Calculate the greatest common factor of 44551612 and 903.
301
What is the highest common divisor of 2315805 and 453?
3
What is the highest common divisor of 180 and 80153532?
36
Calculate the highest common factor of 2508 and 1044164.
836
Calculate the greatest common factor of 2437136 and 962.
26
What is the greatest common divisor of 68679 and 473868?
9
What is the highest common divisor of 110 and 2070175360?
110
What is the highest common divisor of 1608 and 2646232?
536
What is the highest common divisor of 28832 and 2231512?
424
What is the highest common factor of 889080 and 465558?
186
Calculate the greatest common factor of 53420 and 38760.
20
What is the highest common factor of 1404 and 19179732?
156
What is the highest common factor of 7173393 and 5955?
1191
What is the greatest common factor of 10206 and 234252?
486
What is the greatest common divisor of 6 and 48054486?
6
What is the greatest common factor of 40215 and 28648017?
1149
Calculate the highest common divisor of 7543 and 28981.
397
What is the highest common divisor of 1585951 and 2226335?
5003
What is the greatest common divisor of 6357 and 516873?
489
Calculate the greatest common divisor of 2288 and 4268186.
26
Calculate the highest common divisor of 68 and 15780981.
17
What is the highest common divisor of 1476899 and 292491?
3611
What is the highest common factor of 84 and 988858052?
28
What is the greatest common factor of 10459875 and 12000?
375
What is the highest common factor of 122225 and 3975?
25
What is the highest common divisor of 11417358 and 3?
3
What is the greatest common factor of 112608 and 34949144?
3128
Calculate the highest common factor of 1867045 and 54149.
313
What is the highest common factor of 806 and 1261510094?
806
What is the greatest common divisor of 1270 and 7133590?
1270
What is the greatest common divisor of 494 and 164238698?
494
What is the greatest common divisor of 17 and 6627607?
1
Calculate the greatest common divisor of 590891560 and 2212.
2212
What is the greatest common factor of 47962325 and 425?
25
What is the highest common factor of 12531051 and 52?
13
Calculate the highest common factor of 330 and 114698280.
30
Calculate the greatest common factor of 672520 and 4069528.
3128
What is the greatest common divisor of 7715 and 200156417?
1543
Calculate the greatest common factor of 72916380 and 84.
12
What is the highest common factor of 13093014 and 25498?
418
Calculate the highest common factor of 222 and 682110.
6
Calculate the highest common factor of 3411642 and 50838.
1374
Calculate the highest common factor of 161859 and 327.
3
Calculate the highest common divisor of 248250 and 6150.
150
Calculate the greatest common divisor of 272724 and 384.
12
Calculate the greatest common factor of 84318 and 19022978.
598
Calculate the greatest common divisor of 800 and 29425450.
50
What is the greatest common factor of 77729 and 45676?
19
Calculate the highest common divisor of 3 and 222688671.
3
What is the greatest common divisor of 126 and 14930244?
126
Calculate the greatest common divisor of 56 and 1554700.
28
What is the highest common divisor of 3716416 and 34144?
352
What is the greatest common divisor of 4238 and 90773722?
4238
What is the greatest common divisor of 5904 and 2460?
492
What is the highest common factor of 10 and 412358?
2
What is the greatest common divisor of 6544 and 1305152?
16
Calculate the greatest common factor of 156785751 and 82224.
5139
Calculate the greatest common divisor of 98721 and 8869.
7
What is the greatest common divisor of 93525 and 284925?
2175
What is the highest common factor of 692835 and 349180?
1105
What is the highest common factor of 4253999 and 2461?
107
What is the highest common factor of 41263376 and 462?
154
Calculate the greatest common divisor of 252077623 and 7.
7
What is the highest common factor of 179304 and 160456?
248
What is the highest common divisor of 90 and 5132300?
10
What is the greatest common divisor of 2372208 and 1527744?
3504
Calculate the greatest common factor of 864 and 213707052.
108
Calculate the greatest common factor of 9776 and 1588976.
752
Calculate the highest common divisor of 1840 and 6407800.
920
What is the greatest common divisor of 32 and 1498047808?
32
What is the greatest common divisor of 1821 and 33451163?
607
Calculate the greatest common divisor of 540765 and 585.
45
Calculate the highest common divisor of 4084 and 7976.
4
What is the highest common divisor of 6118 and 12903184?
322
What is the highest common divisor of 128152775 and 14205?
4735
Calculate the highest common factor of 170 and 7430.
10
Calculate the greatest common divisor of 709312 and 17488.
16
What is the greatest common divisor of 384 and 3836088?
24
Calculate the greatest common divisor of 6968 and 1826487.
871
What is the highest common factor of 25884 and 50676?
12
What is the highest common divisor of 961260 and 52?
4
Calculate the greatest common factor of 118437030 and 40.
10
What is the greatest common factor of 5032 and 34159732?
2516
What is the highest common factor of 38010976 and 32?
32
What is the greatest common divisor of 170030281 and 74?
37
Calculate the highest common divisor of 264712 and 976.
8
What is the highest common factor of 136104 and 15996072?
2568
What is the greatest common factor of 520714 and 28968?
142
Calculate the highest common factor of 588321 and 3249.
9
Calculate the greatest common factor of 7719456 and 23997.
1263
Calculate the highest common divisor of 3496470 and 610.
10
What is the highest common factor of 6357 and 6053983?
2119
What is the greatest common factor of 287028 and 152492?
268
What is the highest common factor of 27403453 and 11305?
133
Calculate the greatest common divisor of 23932142 and 1326.
26
Calculate the highest common divisor of 116497 and 1550491.
1201
What is the highest common divisor of 3376 and 4627652?
844
Calculate the highest common factor of 67855 and 7175.
205
What is the greatest common divisor of 17189852 and 215?
43
Calculate the greatest common factor of 142 and 348500.
2
What is the greatest common divisor of 2487295 and 135?
5
Calculate the greatest common divisor of 74041 and 36915725.
1397
Calculate the greatest common factor of 204305 and 24940.
145
What is the highest common factor of 73579605 and 25?
5
What is the highest common factor of 242 and 1063942?
22
What is the highest common divisor of 8658 and 1347600384?
8658
What is the highest common factor of 108 and 35589672?
108
Calculate the highest common factor of 893488277 and 11.
11
Calculate the highest common factor of 3539070 and 2370.
30
What is the greatest common divisor of 4660 and 8940440?
20
Calculate the greatest common divisor of 4 and 24639614.
2
Calculate the highest common divisor of 243584 and 7401152.
704
What is the highest common factor of 35127 and 9136923?
3903
What is the greatest common factor of 314944091 and 1309?
1309
What is the great